{"id":822,"date":"2022-10-18T14:38:12","date_gmt":"2022-10-18T13:38:12","guid":{"rendered":"http:\/\/espacecocooning.fr\/?page_id=822"},"modified":"2023-04-13T07:55:46","modified_gmt":"2023-04-13T06:55:46","slug":"3-donnees-personnelles","status":"publish","type":"page","link":"https:\/\/espacecocooning.fr\/?page_id=822","title":{"rendered":"3 &#8211; Donn\u00e9es personnelles"},"content":{"rendered":"\n<p><em>Derni\u00e8re mise \u00e0 jour : Janvier 2023<\/em><\/p>\n\n\n\n<p>Cette Charte des donn\u00e9es personnelles (ci-apr\u00e8s d\u00e9nomm\u00e9e la \u00ab Charte \u00bb), d\u00e9crit la mani\u00e8re dont nous recueillons, utilisons et divulguons vos donn\u00e9es \u00e0 caract\u00e8re personnel.<\/p>\n\n\n\n<p>Nous sommes susceptibles de modifier occasionnellement la pr\u00e9sente Charte. Le cas \u00e9ch\u00e9ant, nous vous en informerons en modifiant la date situ\u00e9e en haut de la pr\u00e9sente Charte.<\/p>\n\n\n\n<p><strong>SECTION 1 : IDENTIT\u00c9 ET COORDONN\u00c9ES DU RESPONSABLE DE TRAITEMENT<\/strong><br>Le site espacecocooning.fr (ci-apr\u00e8s le \u00ab Site \u00bb) est op\u00e9r\u00e9 par ESPACE COCOONING (ci-apr\u00e8s \u00ab nous \u00bb), dont le si\u00e8ge social est situ\u00e9 au 9, rue d&rsquo;Andorre &#8211; 31120 PINSAGUEL, immatricul\u00e9e sous le num\u00e9ro 398441766 au RCS de Toulouse.<br>Nous sommes \u00ab responsable de traitement \u00bb au sens de la r\u00e9glementation applicable en mati\u00e8re de donn\u00e9es personnelles, ce qui inclut le R\u00e8glement G\u00e9n\u00e9ral de Protection des Donn\u00e9es personnelles (\u00ab RGPD \u00bb) du 27 avril 2016.<\/p>\n\n\n\n<p><strong>SECTION 2 : COLLECTE &amp; UTILISATION DE VOS DONN\u00c9ES \u00c0 CARACT\u00c8RE PERSONNEL<\/strong><br>Nous collectons vos donn\u00e9es \u00e0 caract\u00e8re personnel directement aupr\u00e8s de vous lorsque vous utilisez notre formulaire de contact.<br>Nous pouvons donc \u00eatre amen\u00e9s \u00e0 collecter et \u00e0 traiter vos donn\u00e9es d\u2019identification \u00e0 savoir vos pr\u00e9nom, nom de famille, adresse \u00e9lectronique et num\u00e9ro de t\u00e9l\u00e9phone.<\/p>\n\n\n\n<p><strong>SECTION 3 : FONDEMENTS JURIDIQUES &amp; FINALIT\u00c9S DU TRAITEMENT DE VOS DONN\u00c9ES \u00c0 CARACT\u00c8RE PERSONNEL<\/strong><br>Nous recueillons et traitons vos donn\u00e9es \u00e0 caract\u00e8re personnel lorsque nous disposons d\u2019un fondement l\u00e9gal pour le faire :<\/p>\n\n\n\n<ul><li><strong>Int\u00e9r\u00eats l\u00e9gitimes <\/strong>(article 6 (1) (f) RGPD), afin de r\u00e9pondre aux questions adress\u00e9es via le formulaire \u00ab Contact \u00bb <\/li><li><strong>Respect de nos obligations l\u00e9gales <\/strong>(article 6 (1) (c) RGPD), afin de traiter toute r\u00e9clamation, r\u00e9pondre \u00e0 nos obligations l\u00e9gales et assurer la d\u00e9fense de nos int\u00e9r\u00eats en cas de litige ou d\u2019action en justice.<\/li><\/ul>\n\n\n\n<p>Lorsque nous vous demandons de nous fournir des donn\u00e9es \u00e0 caract\u00e8re personnel, nous indiquons clairement si leur renseignement est obligatoire ou facultatif.<\/p>\n\n\n\n<p><strong>SECTION 4 : DESTINATAIRES DE VOS DONN\u00c9ES \u00c0 CARACT\u00c8RE PERSONNEL<\/strong><br>Conform\u00e9ment \u00e0 la r\u00e9glementation en vigueur, nous pouvons partager vos donn\u00e9es \u00e0 caract\u00e8re personnel avec :<\/p>\n\n\n\n<ul><li>toutes autorit\u00e9s, juridiction ou tout autre tiers autoris\u00e9, lorsque la communication des donn\u00e9es \u00e0 caract\u00e8re personnel est requise par la loi, une disposition r\u00e9glementaire ou une d\u00e9cision de justice ou si cette communication est n\u00e9cessaire pour assurer la protection et la d\u00e9fense de nos droits ;<\/li><li>tous acheteurs en cas de restructuration de ESPACE COCOONING y compris la cession totale ou partielle d\u2019actifs, fusion, absorption, acquisition, scission et plus g\u00e9n\u00e9ralement toute op\u00e9ration de r\u00e9organisation.<\/li><\/ul>\n\n\n\n<p>Vos donn\u00e9es personnelles ne seront pas transf\u00e9r\u00e9es vers des pays hors de l\u2019Espace Economique Europ\u00e9en.<\/p>\n\n\n\n<p><strong>SECTION 5 : DUR\u00c9E DE CONSERVATION DE VOS DONN\u00c9ES \u00c0 CARACT\u00c8RE PERSONNEL<\/strong><br>Par principe, vos donn\u00e9es \u00e0 caract\u00e8re personnel ne sont conserv\u00e9es que pendant la dur\u00e9e n\u00e9cessaire \u00e0 la finalit\u00e9 pour laquelle elles ont \u00e9t\u00e9 collect\u00e9es, telle que d\u00e9taill\u00e9e ci-dessous, sauf si vous nous demandez de les effacer ou si nous avons une obligation l\u00e9gale de les conserver pendant une p\u00e9riode plus longue.<br>Si vous nous demandez de supprimer vos donn\u00e9es, nous les effacerons sous un (1) mois maximum \u00e0 compter de votre demande. <br>Les dur\u00e9es de conservation des donn\u00e9es \u00e0 caract\u00e8re personnel sont list\u00e9es ci-dessous :<\/p>\n\n\n\n<ul><li>R\u00e9ponse aux questions via le formulaire \u00ab Contact \u00bb : donn\u00e9es conserv\u00e9es le temps du traitement puis trois (3) ans apr\u00e8s le traitement.<\/li><li>Gestion des r\u00e9clamations et conformit\u00e9 : donn\u00e9es conserv\u00e9es le temps de la r\u00e9clamation + cinq (5) ans \u00e0 compter de sa r\u00e9solution.<\/li><li>En cas d\u2019action en justice : donn\u00e9es conserv\u00e9es le temps de la proc\u00e9dure jusqu\u2019\u00e0 l\u2019ex\u00e9cution totale de la d\u00e9cision de justice ou du protocole transactionnel.<\/li><\/ul>\n\n\n\n<p><strong>SECTION 6 : VOS DROITS<\/strong><br>Conform\u00e9ment \u00e0 la r\u00e8glementation en vigueur, vous pouvez \u00e0 tout moment demander l\u2019acc\u00e8s, la rectification, l\u2019effacement et la portabilit\u00e9 de vos donn\u00e9es \u00e0 caract\u00e8re personnel, ou en restreindre le traitement ou vous y opposer. <\/p>\n\n\n\n<p>Un r\u00e9sum\u00e9 de vos droits est \u00e9nonc\u00e9 ci-dessous :<br>\u2022<strong> Droit d&rsquo;information<\/strong> : \u00eatre inform\u00e9 sur les traitements auxquels nous proc\u00e9dons notamment via cette Charte<br>\u2022 <strong>Droit d&rsquo;acc\u00e8s<\/strong> : recevoir une copie de vos donn\u00e9es \u00e0 caract\u00e8re personnel <br>\u2022 <strong>Droit de rectification<\/strong> : corriger toute erreur dans vos donn\u00e9es \u00e0 caract\u00e8re personnel ou les compl\u00e9ter.<br>\u2022 <strong>Droit d&rsquo;opposition <\/strong>: \u00eatre en d\u00e9saccord avec le traitement <br>\u2022<strong> Droit \u00e0 la limitation <\/strong>: limiter le traitement de vos donn\u00e9es \u00e0 caract\u00e8re personnel <br>\u2022 <strong>Droit \u00e0 la portabilit\u00e9 <\/strong>: recevoir vos donn\u00e9es \u00e0 caract\u00e8re personnel, dans un format structur\u00e9, couramment utilis\u00e9 et lisible par machine et\/ou transmettre ces donn\u00e9es \u00e0 un tiers, dans certaines situations.<br>\u2022 <strong>Droit \u00e0 l&rsquo;oubli<\/strong> : faire supprimer toutes les donn\u00e9es \u00e0 caract\u00e8re personnel vous concernant <br><\/p>\n\n\n\n<p>Vous avez \u00e9galement le droit de d\u00e9poser une plainte aupr\u00e8s de votre autorit\u00e9 locale de protection des donn\u00e9es en cas de violation pr\u00e9sum\u00e9e des r\u00e8gles de protection des donn\u00e9es qui vous sont applicables.<\/p>\n\n\n\n<p>Veuillez noter qu\u2019afin de r\u00e9pondre \u00e0 votre demande, nous pouvons \u00eatre amen\u00e9s \u00e0 vous demander de nous fournir un justificatif d\u2019identit\u00e9. Nous pouvons \u00e9galement vous demander de nous communiquer des informations ou justificatifs compl\u00e9mentaires.<\/p>\n\n\n\n<p>Pour toute question en lien avec la collecte et le traitement de vos donn\u00e9es par JSVPS, vous pouvez contacter Madame Jo\u00eblle SERNY-VIDAL \u00e0 l\u2019adresse suivante : ESPACE COCOONING, 9, rue d&rsquo;Andorre, 31120 PINSAGUEL ou par courriel : joellesernyvidal@gmail.com.<\/p>\n","protected":false},"excerpt":{"rendered":"<p>Derni\u00e8re mise \u00e0 jour : Janvier 2023 Cette Charte des donn\u00e9es personnelles (ci-apr\u00e8s d\u00e9nomm\u00e9e la \u00ab Charte \u00bb), d\u00e9crit la mani\u00e8re dont nous recueillons, utilisons et divulguons vos donn\u00e9es \u00e0 caract\u00e8re personnel. Nous sommes susceptibles de modifier occasionnellement la pr\u00e9sente Charte. Le cas \u00e9ch\u00e9ant, nous vous en informerons en modifiant la date situ\u00e9e en haut<a href=\"https:\/\/espacecocooning.fr\/?page_id=822\">[&#8230;]<\/a><\/p>\n","protected":false},"author":1,"featured_media":0,"parent":0,"menu_order":0,"comment_status":"closed","ping_status":"closed","template":"","meta":{"_links_to":"","_links_to_target":""},"_links":{"self":[{"href":"https:\/\/espacecocooning.fr\/index.php?rest_route=\/wp\/v2\/pages\/822"}],"collection":[{"href":"https:\/\/espacecocooning.fr\/index.php?rest_route=\/wp\/v2\/pages"}],"about":[{"href":"https:\/\/espacecocooning.fr\/index.php?rest_route=\/wp\/v2\/types\/page"}],"author":[{"embeddable":true,"href":"https:\/\/espacecocooning.fr\/index.php?rest_route=\/wp\/v2\/users\/1"}],"replies":[{"embeddable":true,"href":"https:\/\/espacecocooning.fr\/index.php?rest_route=%2Fwp%2Fv2%2Fcomments&post=822"}],"version-history":[{"count":17,"href":"https:\/\/espacecocooning.fr\/index.php?rest_route=\/wp\/v2\/pages\/822\/revisions"}],"predecessor-version":[{"id":876,"href":"https:\/\/espacecocooning.fr\/index.php?rest_route=\/wp\/v2\/pages\/822\/revisions\/876"}],"wp:attachment":[{"href":"https:\/\/espacecocooning.fr\/index.php?rest_route=%2Fwp%2Fv2%2Fmedia&parent=822"}],"curies":[{"name":"wp","href":"https:\/\/api.w.org\/{rel}","templated":true}]}}